6761 a prime number?
True
Is 38989 a composite number?
True
Is 25523 composite?
False
Is 47737 a prime number?
True
Is 11901 prime?
False
Is 2161 prime?
True
Is 1847 prime?
True
Is 66491 a composite number?
False
Is 107021 composite?
False
Is 784165 a prime number?
False
Is 98773 a prime number?
True
Is 740609 composite?
True
Is 44647 a prime number?
True
Is 63043 a composite number?
True
Is 356795 a prime number?
False
Is 6169 composite?
True
Is 3027 a composite number?
True
Is 6907 prime?
True
Is 523717 a composite number?
False
Is 1477 a composite number?
True
Is 73833 prime?
False
Is 75079 composite?
False
Is 38639 prime?
True
Is 7919 prime?
True
Is 13589 a composite number?
True
Is 2452481 a prime number?
True
Is 33889 prime?
True
Is 41411 prime?
True
Is 173829 composite?
True
Is 576613 composite?
False
Is 17467 prime?
True
Is 63851 a composite number?
True
Is 3106703 a composite number?
False
Is 196465 prime?
False
Is 7773 prime?
False
Is 1268777 composite?
False
Is 7543 prime?
False
Is 127481 composite?
False
Is 7621 a prime number?
True
Is 19471 prime?
True
Is 13519 prime?
False
Is 526259 prime?
False
Is 1531 a prime number?
True
Is 691 composite?
False
Is 13649 a composite number?
False
Is 33739 prime?
True
Is 13343 prime?
False
Is 36451 prime?
True
Is 250639 composite?
True
Is 150077 prime?
True
Is 292643 composite?
True
Is 8419 a prime number?
True
Is 201013 a prime number?
False
Is 379371 composite?
True
Is 82154 a composite number?
True
Is 22819 composite?
True
Is 25867 prime?
True
Is 750977 prime?
True
Is 16333 a composite number?
False
Is 326537 a composite number?
False
Is 196151 a prime number?
False
Is 40577 composite?
False
Is 70601 composite?
True
Is 59987 a composite number?
True
Is 19973 prime?
True
Is 953 a composite number?
False
Is 7069 prime?
True
Is 11591 composite?
True
Is 11371 prime?
False
Is 26621 a prime number?
False
Is 81537 composite?
True
Is 125182 a prime number?
False
Is 42869 a composite number?
True
Is 13241 composite?
False
Is 97043 a composite number?
True
Is 1326809 a prime number?
False
Is 6731 composite?
True
Is 12517 prime?
True
Is 26597 composite?
False
Is 449591 a prime number?
True
Is 277483 a prime number?
True
Is 16413 a prime number?
False
Is 2939 composite?
False
Is 1198949 a composite number?
False
Is 400369 prime?
False
Is 58933 a composite number?
True
Is 182809 composite?
True
Is 61291 prime?
True
Is 6821 composite?
True
Is 16769 a prime number?
False
Is 19387 a prime number?
True
Is 248819 composite?
True
Is 317669 composite?
True
Is 2648021 prime?
True
Is 779721 composite?
True
Is 5953 a prime number?
True
Is 890389 a prime number?
False
Is 1984163 prime?
True
Is 65167 composite?
False
Is 16729 composite?
False
Is 34609 composite?
True
Is 53999 a prime number?
False
Is 48161 composite?
True
Is 23299 a composite number?
True
Is 8567 prime?
False
Is 1223419 a prime number?
True
Is 15949 a composite number?
True
Is 82679 composite?
True
Is 6767 a prime number?
False
Is 450053 prime?
False
Is 11197 a prime number?
True
Is 16909 a composite number?
True
Is 5981 composite?
False
Is 290755 composite?
True
Is 14997899 prime?
False
Is 155269 a prime number?
True
Is 2146441 a composite number?
True
Is 1298767 a prime number?
False
Is 349291 prime?
True
Is 3511 a composite number?
False
Is 24967 a composite number?
False
Is 699851 a composite number?
True
Is 287 prime?
False
Is 901 composite?
True
Is 633533 a prime number?
False
Is 2811 a composite number?
True
Is 143779 composite?
False
Is 10757 a prime number?
False
Is 34735 a composite number?
True
Is 896209 composite?
True
Is 2927 a composite number?
False
Is 93623 a composite number?
True
Is 19661 composite?
False
Is 107407 prime?
False
Is 1361 a prime number?
True
Is 1941931 a composite number?
False
Is 2856001 a prime number?
True
Is 653243 composite?
False
Is 19945 a prime number?
False
Is 557 a composite number?
False
Is 16649 composite?
False
Is 725243 a composite number?
True
Is 92023 a composite number?
True
Is 13561 a composite number?
True
Is 872471 a composite number?
False
Is 410829 prime?
False
Is 11402 a prime number?
False
Is 737 prime?
False
Is 42583 a composite number?
True
Is 142691 prime?
False
Is 247279 composite?
False
Is 34249 a prime number?
False
Is 19661 prime?
True
Is 18187 composite?
True
Is 2198971 prime?
False
Is 79687 prime?
True
Is 61861 a composite number?
False
Is 4889 composite?
False
Is 99233 a composite number?
False
Is 4907 a composite number?
True
Is 37129 composite?
True
Is 3221 a composite number?
False
Is 28239 a prime number?
False
Is 1259 a composite number?
False
Is 7343 a composite number?
True
Is 106367 prime?
True
Is 43451 a composite number?
False
Is 43391 a composite number?
False
Is 982903 prime?
True
Is 11359 a prime number?
False
Is 11863 a composite number?
False
Is 1574743 a composite number?
True
Is 347381 prime?
False
Is 326785 a prime number?
False
Is 47327 a composite number?
True
Is 132019 a prime number?
True
Is 5751745 composite?
True
Is 38707 a prime number?
True
Is 259 a prime number?
False
Is 149603 a composite number?
False
Is 701 a prime number?
True
Is 351485 a prime number?
False
Is 18191 composite?
False
Is 995681 a prime number?
False
Is 1177691 composite?
True
Is 69371 composite?
False
Is 87871 prime?
False
Is 1477 composite?
True
Is 24369 a prime number?
False
Is 47269 prime?
True
Is 20897 prime?
True
Is 2129 a prime number?
True
Is 28459 composite?
True
Is 13649 prime?
True
Is 17401 a prime number?
True
Is 46 a composite number?
True
Is 34459 composite?
True
Is 7493 composite?
True
Is 4091 composite?
False
Is 4249 composite?
True
Is 338081 a prime number?
False
Is 5873 composite?
True
Is 1973 prime?
True
Is 23531 composite?
False
Is 1651 prime?
False
Is 7513 prime?
False
Is 8887 prime?
True
Is 1732669 a prime number?
True
Is 956153 a composite number?
True
Is 8039 a prime number?
True
Is 42989 prime?
True
Is 44347 a prime number?
False
Is 4198 a composite number?
True
Is 379 prime?
True
Is 291053 a composite number?
True
Is 172511 a prime number?
False
Is 4997255 a prime number?
False
Is 535679 a composite number?
False
Is 1826651 composite?
False
Is 7961 a composite number?
True
Is 1657 composite?
False
Is 20767 prime?
False
Is 2323 prime?
False
Is 3563 prime?
False
Is 685319 a composite number?
False
Is 657829 composite?
True
Is 25427 composite?
True
Is 3631 a composite number?
False
Is 13453 prime?
False
Is 381 prime?
False
Is 6389 composite?
False
Is 185893 prime?
True
Is 215 composite?
True
Is 44459 a prime number?
False
Is 142529 a prime number?
True
Is 79423 a composite number?
False
Is 86399 a prime number?
True
Is 4327 composite?
False
Is 257203 prime?
False
Is 988621 a composite number?
True
Is 6247 a prime number?
True
Is 34913 composite?
False
Is 16917 a composite number?
True
Is 101677 a prime number?
False
Is 1857 a composite number?
True
Is 22961 a composite number?
False
Is 23399 composite?
False
Is 17087 a prime number?
False
Is 842551 composite?
False
Is 110981 composite?
True
Is 8098 a composite number?
True
Is 210853 a composite number?
False
Is 967 a prime number?
True
Is 430649 composite?
False
Is 9413 a composite number?
False
Is 4055 a prime number?
False
Is 7837 prime?
False
Is 218165 composite?
True
Is 82247 composite?
True
Is 23467 a composite number?
True
Is 229583 composite?
False
Is 6889 composite?
True
Is 11887 composite?
False
Is 28349 a composite number?
False
Is 409349 composite?
False
Is 306209 a prime number?
True
Is 419 composite?
False
Is 477973 a prime number?
True
Is 1371 a prime number?
False
Is 199537 a prime number?
False
Is 13681 prime?
True
Is 355967 a composite number?
False
Is 302506 prime?
False
Is 74923 composite?
False
Is 26905 composite?
True
Is 6764933 a prime number?
False
Is 1571 a prime number?
True
Is 32687 composite?
False
Is 632829 a prime number?
False
Is 2237 a prime number?
True
Is 81509 a composite number?
False
Is 555853 a composite number?
False
Is 34507 a prime number?
False
Is 1057219 composite?
False
Is 35647 a prime number?
False
Is 512471 a composite number?
True
Is 108397 a composite number?
True
Is 13367 composite?
False
Is 52147 composite?
False
Is 63914 a composite number?
True
Is 81323 prime?
